Let n be 3/7 + (-750)/(-14). What is the highest common divisor of n and w?
18
Suppose -9*a + 25 = -4*a. Suppose 3*n - 5*r = 107, -3*n - 4*r + 111 + 14 = 0. Let x = n + -19. Calculate the highest common factor of a and x.
5
Let c = -382 + 616. Calculate the highest common divisor of c and 18.
18
Let g(n) = -n**3 + 8*n**2 - n + 42. Let f be g(7). Calculate the highest common factor of 12 and f.
12
Let r(a) = 3*a + 162. Let h be r(12). What is the greatest common factor of 418 and h?
22
Suppose 0 = 2*j - 6*j + 124. Let q = -19 + j. Let c(x) = -x**2 + 13*x - 4. Let i be c(q). Calculate the highest common divisor of i and 24.
8
Let g be (-2)/10 - 2/(-10). Suppose 5*y = -3*k + 160, 4*y + g*k = 2*k + 128. Calculate the greatest common factor of 8 and y.
8
Let h = 10 - 5. Suppose 46 = 4*q + x + x, 3*x = h*q - 85. Calculate the highest common divisor of q and 2.
2
Suppose -4*x - 213 = -2*d + 343, 12 = -4*x. Suppose 9*s - 511 = d. Calculate the greatest common factor of s and 29.
29
Suppose -4*t + 5*k = -1152, -t + 152 = 4*k - 136. Calculate the greatest common factor of 32 and t.
32
Let b(x) = -x**3 + 4*x - 1. Let w be b(-3). Let h = 704 - 662. What is the highest common divisor of w and h?
14
Suppose 33 = 4*i + 13. Suppose -3*p - 3 = 4*y, 3*y - i*p - 2 = 3. Suppose y = -2*t + 4*t - 30. What is the greatest common factor of t and 135?
15
Let x be ((-8)/(-14))/((-11)/(-77)). Let s be (-3 + (-4)/x)/(1/(-1)). Calculate the highest common divisor of 44 and s.
4
Let y(i) = 39*i - 3*i**2 - 43*i - 2*i**2 - 13 + 7*i**2. Let d be y(-4). What is the highest common factor of d and 14?
7
Let n = -151 - -294. Suppose 0 = -6*x + 19 + 59. Calculate the highest common divisor of n and x.
13
Let k(t) = -t**3 + 32*t**2 + 22*t - 102. Let r be k(32). Calculate the greatest common divisor of r and 430.
86
Let n(x) = x**3 - 19*x**2 + 23*x - 15. Let t be n(19). Let i = t + -134. What is the greatest common factor of i and 32?
32
Suppose 4*g + 832 = 2*p, 2*p + 45 = -3*g + 877. Calculate the greatest common factor of 32 and p.
32
Let o be ((-4)/(-18))/((-12)/(-108)). Suppose -3*q = -o*x - 99, 6*q + 5*x - 190 = q. Calculate the highest common divisor of q and 5.
5
Let w = -3 + 6. Suppose 0 = 3*i - 5*d - 50, -2*d + 33 = w*i + 11. Calculate the greatest common divisor of i and 40.
10
Let z(p) = -125*p + 3. Let f be z(-3). Calculate the greatest common factor of f and 42.
42
Suppose 846 = 4*c + 2*z, 0*c + 843 = 4*c + z. Suppose -11*g = -6*g - c. What is the greatest common factor of 42 and g?
42
Let n be 15/(-4) - (-2)/(-8). Let u be (1 - -17) + (n - -1). Calculate the highest common factor of u and 5.
5
Suppose -3*f + 4*o + 177 = 0, -2*f - 4*o - 51 = -3*f. What is the highest common factor of 171 and f?
9
Suppose 0 = 8*u - 13*u + 330. What is the highest common divisor of u and 110?
22
Suppose -40 = 13*r - 5*r. Let n(a) = 3*a + 21. Let o be n(r). What is the highest common factor of o and 30?
6
Suppose 0 = 23*h - 328 - 1857. Calculate the greatest common factor of h and 10.
5
Let i = 8 + -8. Suppose 3*c + 28 - 97 = i. Let t = 654 + -401. What is the greatest common factor of t and c?
23
Let u be 4312/231*(-12)/(-14). Calculate the highest common factor of 432 and u.
16
Let j be (2 - (7 - 3)) + 2. Suppose 4*l - 840 = 4*m, -4*l + 0*m + 2*m + 850 = j. Let b = -75 + l. What is the highest common divisor of b and 20?
20
Suppose -5*m - 153 = -4*k, 178 = -4*m + k + 49. Let j = m + 43. What is the greatest common factor of j and 20?
10
Suppose -4*r - 4 = 48. Let g = r - -16. Let l = 20 - g. What is the highest common factor of l and 136?
17
Let w(k) = -13*k**2 - 3*k - 17. Let n(f) = -4*f**2 - f - 6. Let p(y) = 11*n(y) - 4*w(y). Let u be p(-1). What is the highest common factor of 99 and u?
9
Let y(b) = -86*b - 83*b - 3 + 171*b - 7. Let u be 1/4 + 62/8. Let j be y(u). Calculate the greatest common factor of j and 4.
2
Suppose -3*k + 22 = 2*u - 32, -72 = -4*k + u. What is the highest common factor of k and 4950?
18
Suppose 2*q - 99 = -17. Calculate the greatest common divisor of q and 656.
41
Let w be 624/36*135/2. Calculate the greatest common factor of w and 45.
45
Let v be (-30)/(-8) + (-12)/16. Suppose 576 = 4*h + 4*y, 0*h - 5*y = -v*h + 432. Calculate the greatest common factor of 18 and h.
18
Suppose 0 = -18*z + 105 + 237. Calculate the greatest common factor of z and 893.
19
Suppose -2*g - 44 = -120. Suppose 0 = 2*c - 269 - 191. Suppose -4*u + c = g. What is the highest common factor of 72 and u?
24
Let k(w) = -7*w + 670. Let o be k(25). Calculate the highest common divisor of o and 396.
99
Suppose 0 = -x - 5*i + 108, -2*x - 5*i + 10*i + 156 = 0. What is the greatest common factor of x and 56?
8
Suppose k + 15*p = 11*p + 504, 3*p + 504 = k. What is the highest common factor of k and 24?
24
Suppose 875 = -3*t - 661. Let b be -3 - (9/3)/(6/t). Calculate the greatest common factor of b and 23.
23
Let s(l) = 4*l + 21. Let p be s(10). What is the greatest common factor of 122 and p?
61
Let x be (-22)/(-33)*(2 + 874/4). Let t = x - 139. What is the greatest common divisor of 48 and t?
8
Suppose 19*d - 16*d - 369 = 2*l, 2*d = 2*l + 244. Calculate the highest common divisor of d and 10.
5
Suppose -6*o + 5 = -55. Let j(b) = 6*b - 34. Let h be j(o). Calculate the greatest common factor of 143 and h.
13
Let y be (48/9)/((-16)/(-912)). What is the greatest common divisor of y and 342?
38
Let o be (-114)/(-10) + 8/(-20). Let b be 70/(-15)*54/(-4). Let z be (15/4)/(b/1848). Calculate the greatest common factor of z and o.
11
Let i be (-230)/69*6/(-10). Suppose 0 = i*t - 12. Suppose t*a - 40 = 4*a. What is the highest common factor of a and 160?
20
Suppose -5 - 4 = 3*s. Let a(v) = v**2 - v + 2. Let j be a(s). Let u = -4 + 18. What is the highest common factor of j and u?
14
Suppose 0 = 3*c - 5*c + 744. Calculate the highest common factor of c and 31.
31
Let c(t) = -1 + 8 + 15*t - 4 + 0. Let a be c(3). Let m be 0 + 36/2 + -2. What is the highest common factor of a and m?
16
Let r = -13 + 11. Let c be ((-13)/r)/((-1)/(-2)). Suppose -2*l + 1 + c = 0. Calculate the highest common divisor of 21 and l.
7
Let b(s) = -s**2 - 10*s - 12. Let v be b(-8). Calculate the greatest common divisor of v and 22.
2
Suppose -4*o = -32 + 12. Suppose -6*q + p = -30, 4*q + 0*p + 5*p - 20 = 0. Calculate the highest common divisor of o and q.
5
Let y(c) = -c**2 + 13*c + 8. Let n be y(13). Let u(v) = 8*v**2 + 4*v - 1. Let j be u(3). Suppose -j = -2*b + 61. What is the highest common divisor of b and n?
8
Suppose 0 = 2*z - 3*g - 1245, -4*z - 1265 = -6*z - g. What is the greatest common divisor of z and 270?
90
Suppose -2*n - z = -3*n + 1, 0 = -4*n - 2*z + 28. Let k = n + 22. What is the highest common factor of k and 9?
9
Let v be (65 + 0/(-4))*3. Suppose 0*m + 5*m + 102 = 3*i, 0 = -2*i - 4*m + 90. Calculate the greatest common divisor of v and i.
39
Let d(c) = 3*c**2 - 19*c + 17. Let b be d(6). Let f = 229 + -130. Calculate the highest common factor of b and f.
11
Let r(w) = -4*w - 195. Let u be r(-53). Let f = 5 + -3. Suppose -c + f*c = 68. What is the highest common divisor of c and u?
17
Suppose 385 = 4*f + f + 5*u, 0 = 2*f + 3*u - 152. Suppose -7*m + f = 16. What is the highest common factor of 81 and m?
9
Suppose -9 = -z - 5. Let b be (1 - (z - 7)) + 104. Let p = -8 - -20. Calculate the highest common factor of b and p.
12
Suppose 0 = -3*r + 40 + 278. Calculate the highest common factor of 530 and r.
106
Let k = -52 - -80. Suppose -8*i + 12*i - k = 0. What is the highest common divisor of i and 63?
7
Let v(s) = 15*s - 84. Let x be v(7). Calculate the greatest common factor of 21 and x.
21
Let b(r) = -3*r - 41. Let y be b(-19). What is the greatest common factor of 8 and y?
8
Let b be 18 - (-3 + 1)/1. Let l be (8/20*4)/((-6)/(-15)). Let x be -5 + l + (-141)/(-1). Calculate the greatest common factor of x and b.
20
Suppose 0 = -2*s + 34 + 14. What is the highest common divisor of s and 4?
4
Let h be 9 + ((-6)/(-1))/3. Let l = -11 + h. Suppose 4*b - 44 = 4*z, -4*b + l*z + 44 = -3*z. Calculate the highest common factor of 55 and b.
11
Let d(z) = -3*z**2 - 58*z - 7. Let k be d(-19). Let h = -223 - -379. What is the greatest common divisor of h and k?
12
Suppose -2*c + 263 = -3*x + 786, 5*c + 10 = 0. Suppose -157 - x =